t z = 18 - y. List the prime factors of z.
2, 5
Suppose -7 = -d - 6. Let o(g) be the second derivative of g**3/2 + 2*g. List the prime factors of o(d).
3
Suppose -6*h + 4*h = -5*p + 26, 5*p = -3*h + 11. Suppose -p*n = v - 72, -n = -0*v + 5*v - 37. What are the prime factors of n?
17
Suppose -3*j = -5*a - 98, 0*j + 61 = 2*j + a. List the prime factors of j.
31
Let r be 135 + 1 + 1/(-1). Suppose 0 = -4*j + 2*j - q - 54, 5*j = -4*q - r. Let f = -18 - j. What are the prime factors of f?
3
Suppose -x + 5*h - 30 = -6*x, -4*x - 5*h = -25. Suppose -3*b + 2 = 11, -z = -x*b - 22. What are the prime factors of z?
7
Suppose 3*y = -i + 101, 8*i = -2*y + 3*i + 63. What are the prime factors of y?
2, 17
Let s be (0 - -7)/(1 - 0). Suppose -s*p + 8 = -3*p. Let x = 9 - p. What are the prime factors of x?
7
Let u be (-2)/(-4) - (-2)/(-4). Let i(f) = -3*f + 8. Let a(b) = -2*b + 9. Let z(v) = 4*a(v) - 3*i(v). List the prime factors of z(u).
2, 3
Suppose -4*i + 323 = 5*w - 286, i - 4*w = 147. List the prime factors of i.
151
Let o = 11 - 20. Let m = o - -5. Let y = 7 + m. What are the prime factors of y?
3
Let h = 2 - -7. Suppose -7 = 2*j + h. List the prime factors of (0 + 3)*j/(-3).
2
Let v(w) = -w**3 + 20*w**2 - 20*w + 38. What are the prime factors of v(18)?
2, 163
What are the prime factors of 11/(165/(-70))*-24?
2, 7
Let g = -9 + 15. Suppose -2*j + j + g = 0. List the prime factors of j.
2, 3
Let n = 67 + -39. Suppose -2*m = -5*q - n, -m + 3*q = m - 24. List the prime factors of m.
3
Let w(i) be the second derivative of 1/12*i**4 - i + 1/6*i**3 + 2*i**2 + 0. List the prime factors of w(-3).
2, 5
Suppose 430 = 5*q - u, -4*q + 3*u + u + 360 = 0. What are the prime factors of q?
5, 17
Suppose 5*i = -4*k - 31, 4*i - 4*k = -i + 1. Let j = i - -6. Suppose -4*z + 32 = y, 0 = j*z - 0*z - y - 31. What are the prime factors of z?
3
Let j(r) = -r - 4. Let p be j(-9). Suppose -2*s + p*s = 18. What are the prime factors of ((-12)/(-3))/(s/15)?
2, 5
Let m(l) = -16*l**3 + 2*l**2 + l + 2. List the prime factors of m(-2).
2, 17
Suppose -z + 3*h = -h - 10, 2*z - 2*h = 2. Let c = z + 8. What are the prime factors of c?
2, 3
Let v(i) = 2*i - 1. Let f be v(2). Suppose -f*q + 10 = -44. What are the prime factors of q?
2, 3
Let y = 2 + 2. Suppose y*r - 60 = -12. List the prime factors of r.
2, 3
Let z = 6 + -1. List the prime factors of z.
5
Suppose 4*b - 19 = 13. Let o(l) = -l**2 + 9*l - 6. List the prime factors of o(b).
2
Let o = -1 - -4. Suppose -4*d = -5 - o. Suppose 2*f + 12 = 5*s, 7 = d*s + f + 4. What are the prime factors of s?
2
Let h(b) = -3*b + 5. Let d be h(-5). What are the prime factors of 5/d - 35/(-4)?
3
Suppose -6 - 10 = n. Let u = n + 10. Let c = 8 + u. What are the prime factors of c?
2
Let g be 16/(-10)*(-5)/2. Suppose -t + 5 = -g. List the prime factors of t.
3
Suppose j = -2*j - 5*y + 168, 4*j + 4*y - 216 = 0. What are the prime factors of j?
3, 17
Let f = 6 - 2. Suppose -3*j = f - 43. What are the prime factors of j?
13
Suppose 5*k = -116 + 341. What are the prime factors of k?
3, 5
Let q be ((-5)/15)/(1/(-6)). Suppose d = -5*h - 0*d + 74, 0 = 4*h + q*d - 58. What are the prime factors of h?
3, 5
Let l(w) = 4*w**2 - w. Let g be l(1). Suppose -44 = b - g*b. List the prime factors of b.
2, 11
Let c(x) = -35*x + 7. Let l be c(-7). What are the prime factors of 4/6*l/8?
3, 7
Let b(a) = -137*a + 4. What are the prime factors of b(-1)?
3, 47
Let d be 4/(-20) + (-31)/(-5). What are the prime factors of (-3)/(d/(-4)) - -11?
13
Let o(f) = f**2 + 3*f - 14. What are the prime factors of o(-8)?
2, 13
Let d(i) = -i + 8. Let f be d(7). Let s(m) be the first derivative of 10*m**3/3 + m**2/2 + 2. List the prime factors of s(f).
11
Let j(f) = -2*f - 1. Let i be j(-3). Suppose -25 = -i*m - 0*m. Suppose 0*k - k = 2, -m*u + 4*k = -83. What are the prime factors of u?
3, 5
Suppose f = s + 10, 0 = -4*s + f - 14 - 11. Let z = 6 + 4. Let t = z + s. What are the prime factors of t?
5
Let f(t) = 5*t - 4. Let w be f(-2). List the prime factors of (-24)/(-10)*(-245)/w.
2, 3, 7
Let v(q) = q**2 + 7*q + 4. Let g be v(-6). Let z be (2 + -3)/(g/4). Suppose -z*t = -4*t + 28. What are the prime factors of t?
2, 7
Let q(h) = 33*h**2. Let k be q(1). Suppose -5*b = -r - 0*b + k, -2*b - 24 = -r. What are the prime factors of r?
2, 3
Suppose 45 - 161 = -4*j. List the prime factors of j.
29
Let i(a) = 2*a - 7. Let l(x) = -x**3 - 8*x**2 + 8*x - 1. Let r be l(-9). List the prime factors of i(r).
3
Let y = 200 + -313. Let u = 199 + y. Suppose 4*l = 2*f - 0*f + u, 28 = 2*l + 2*f. List the prime factors of l.
19
List the prime factors of 4/(-14) - ((-788)/14 + 1).
5, 11
Let c be -3 + 5/((-5)/(-48)). Let p be 2/(-8) - c/(-20). Suppose 5 = p*k - 19. List the prime factors of k.
2, 3
List the prime factors of 2370/33 - 12/(-66).
2, 3
Let w be 15/10 + (-17)/(-2). Let o = -4 + w. What are the prime factors of o?
2, 3
Let q(a) = 2*a + 1. Let f = 29 - 20. List the prime factors of q(f).
19
Let u(m) = -m**3 - 6*m**2 - 6*m - 1. Let x(k) = -2*k**2 + 2*k - 1. Let p be x(2). Let q be u(p). Suppose 0 = -0*v + v - q. List the prime factors of v.
2
Let n(o) = -o**3 - 2*o**2 - 2*o. Let m = 5 - 7. Let v be n(m). Suppose 0 = -v*x + 41 - 13. List the prime factors of x.
7
Let w = 31 - -26. List the prime factors of w.
3, 19
Suppose 4*k - 38 = 3*k - b, 3*b + 138 = 4*k. What are the prime factors of k?
2, 3
Let c = 7 + -4. Suppose -65 = -c*u + 2*o, 20 = -6*o + o. What are the prime factors of u?
19
Let u(x) = -4*x**2 - x - 1. Let g be u(-2). Let a be 77/5 + 6/g. Suppose -4*v - 5*m + 8 = 0, 2*v - 3*m - a = 11. What are the prime factors of v?
7
List the prime factors of (297/(-22))/(1/(-6)).
3
Suppose r = 4*v + 24, r + 0*r = -5*v - 21. Suppose -4*p + 36 = 5*i, -3*p - 2*i + 50 = -r*i. List the prime factors of p.
2, 7
Let u be 26/6 + (-2)/6. Suppose -14 = 2*q + u*o - 38, 5*o = 2*q + 3. Suppose -q*m + m - 4*s = -81, -2*s + 34 = 2*m. What are the prime factors of m?
13
Let r be 3/(-6) - (-10)/4. Suppose -3*z = -4 + 13, z = -r*y + 15. What are the prime factors of 88/y + (-12)/(-54)?
2, 5
Let h = -19 - -10. Let q = h - -19. List the prime factors of q.
2, 5
Suppose 5 = 3*x + 4*g, g = 3*x + 2*g - 8. List the prime factors of x.
3
Suppose z + 5*r = 32, -2*r - 1 = -z + 3. Let x = -7 + 11. Let y = x + z. List the prime factors of y.
2
Let y = 13 - 8. What are the prime factors of y?
5
Let z(d) = 9*d**3 + 2*d - 1. Let x(v) = v**2 + 5*v + 5. Let o be x(-4). List the prime factors of z(o).
2, 5
Suppose 5*z + 30 = 5*g, 0 = -g - 0*z - 5*z + 24. Let x = g + 1. Suppose 4*o - x - 42 = k, 2*o - k = 28. What are the prime factors of o?
2, 3
Let d = 26 - 10. Suppose d = -4*l + 80. What are the prime factors of l?
2
Let l(y) = 2*y. List the prime factors of l(6).
2, 3
Let f(a) = 29*a**2 + 4*a - 7. What are the prime factors of f(-3)?
2, 11
Suppose 50 = -f + 2*s + 8, 5*f + 4*s = -238. Let u = f + 68. List the prime factors of u.
2, 11
Let r = -5 - -5. Let t = 4 - r. List the prime factors of t.
2
Suppose 11 = -2*g - u, 8 = -2*g - 0*g + 2*u. Let v(s) be the first derivative of -s**2 - 5*s + 2. What are the prime factors of v(g)?
5
Suppose -3 + 217 = 2*y. List the prime factors of y.
107
Suppose 0*j - 3*j = -12. Let o = -1 + j. Let b(h) = h**3 - 3*h**2 + 2*h. List the prime factors of b(o).
2, 3
Let u be 92/6 - (-2)/(-6). Let r = u + 6. List the prime factors of r.
3, 7
Suppose -4*w - w = -235. Suppose 5*f - w = 8. List the prime factors of f.
11
Suppose 2*w = 4*w - 66. List the prime factors of w.
3, 11
Let n(c) = c + 5. Let d(p) = p + 2. Let a(z) = 5*d(z) - 3*n(z). Let u be a(5). What are the prime factors of u/((0 - -1)/1)?
5
What are the prime factors of (262/(-8))/((-1)/(8/2))?
131
Let l = 309 + -44. What are the prime factors of l?
5, 53
Suppose -12 = -2*l - l. Let w = l + 1. List the prime factors of (-2)/5 + 67/w.
13
Let m(i) = i + 6. Let k = -6 - 12. Let u = k + 25. What are the prime factors of m(u)?
13
Suppose 4*o = -0*o + 80. List the prime factors of o.
2, 5
Suppose -5*n + 9 + 7 = 2*f, 4*n - 16 = 0. List the prime factors of f - -1 - -24 - 2.
3, 7
Let c = -27 - -37. Suppose 5*p - c*p = -110. List the prime factors of p.
2, 11
Let h = -5 + 12. Let y(a) = a**3 - 7*a**2 + 2*a - 10. What are the prime factors of y(h)?
2
Let l = -1 + 